ulate the highest common factor of x and 80.
16
Suppose 110 = 3*m - 5*f, -m + f + 39 = -3*f. Let h(t) = -t + 1. Let s be h(-6). Calculate the greatest common factor of s and m.
7
Let o be (-1 - 2)/(0 + -1). Suppose -u - y + 8 = -0, -5*y - 56 = -o*u. Let x be 1/(u/(-15) + 1). What is the highest common divisor of x and 45?
5
Suppose 0 = 5*p - 10*p + 105. What is the highest common factor of p and 147?
21
Let n be ((24/15)/1)/((-8)/(-20)). Calculate the highest common divisor of n and 10.
2
Let b(x) = 69*x**3 + x**2. Let r be b(1). Let l be -1 + 16 + (5 - 6). Calculate the highest common factor of r and l.
14
Let b(p) = 8*p - 18 - 8*p - 33*p. Let v be b(-6). Calculate the highest common divisor of v and 20.
20
Let t(d) = -d**3 - 6*d**2 + 6*d - 1. Let p be t(-7). Let a be (4 - 2)/(16/24). What is the highest common divisor of a and p?
3
Let c = 2 + 1. Suppose -5*o + 10 = -5*m - 10, c*o = -m + 32. Let z(r) = -r**3 + r**2 - r + 63. Let k be z(0). Calculate the greatest common factor of o and k.
9
Let j = 34 - -1. Suppose r + r + k = j, -r - 2*k = -10. Let h be 8/r + (-88)/(-5). Calculate the greatest common divisor of h and 12.
6
Suppose -3*n + 19 = f, -5*f + f + 16 = -3*n. What is the greatest common factor of 28 and f?
7
Let a = -35 - -50. Let n = a - 7. Calculate the highest common factor of n and 4.
4
Let q(k) = 6*k**2 - 3*k + 9. Let j be q(-6). Calculate the highest common divisor of j and 27.
27
Let r(o) = 4*o + 76. Let v be r(-7). Calculate the greatest common factor of v and 120.
24
Let n = 422 - 180. Let h = 374 - n. What is the greatest common divisor of h and 12?
12
Suppose 4*h + 6 = 2*h + 4*r, 0 = h - 4*r + 7. Calculate the highest common factor of h and 2.
1
Let r be 2 + -3 + (-6)/(-1). Suppose -4*b - 21 = 2*n + r, 4*b - 4*n = -8. Let q = 6 + b. What is the highest common divisor of q and 1?
1
Suppose -2*z = -r + 2*z + 48, 3*r + z = 79. Calculate the highest common factor of 28 and r.
28
Suppose -4*m + 0*m = -4. Let x = 14 + m. Calculate the greatest common factor of x and 3.
3
Let q be 9*4 - 0/12. Calculate the highest common divisor of q and 54.
18
Suppose -33 = -4*i + 19. Calculate the highest common factor of 117 and i.
13
Let c be (-1)/((-6)/(-4) - 1). Let z be (3/c)/(6/(-120)). Suppose 3*r + 29 = 4*s, 0 = 5*s - r - 19 - 9. Calculate the highest common factor of z and s.
5
Let a(k) = k**3 + 9*k**2 + 6*k - 1. Let w be a(-8). What is the highest common divisor of 165 and w?
15
Let l be (-2*(-1 + 0))/(-1). Let p be l/4 - 92/(-8). Let g be 312/14 + 6/(-21). What is the greatest common divisor of g and p?
11
Let r(j) = -68*j + 6. Let l be r(-3). Suppose -4*n + 3*z = z - l, 0 = 2*n - 3*z - 99. What is the highest common divisor of n and 18?
18
Let l be ((-4)/(-6))/((-2)/(-21)). Calculate the highest common divisor of 119 and l.
7
Suppose 5*i + 50 = -0*d + 5*d, -d = i - 8. Suppose -r + 2432 = 3*r. Suppose -r = -7*v - 41. Calculate the greatest common factor of d and v.
9
Let a(w) = -11*w + 4. Let r be a(-4). Calculate the greatest common factor of 6 and r.
6
Let v be 4/3*(0 + 3). Suppose -h + 2 = -2*h - 2*d, 12 = -h - v*d. Let l be (h/(-6))/((-6)/36). What is the highest common divisor of 56 and l?
8
Let f be -6 + (-1 - -3) + -61. Let s = -43 - f. Suppose 2*i + 4*a - 336 = 0, -4*a = -5*i - 0*a + 896. Calculate the greatest common factor of s and i.
22
Let z be (-62)/(-2) - (0 - -1). Let g = -19 + z. Calculate the greatest common factor of g and 77.
11
Suppose -3*y = -8*y. Let b be 1 - ((-3 - -1) + y). Suppose -5*t = 10, j - 3*j - b*t = -114. What is the greatest common divisor of 24 and j?
12
Suppose 2*d + 4 = -2*d. Let k be -1*(5*-1 + d). What is the highest common divisor of k and 48?
6
Suppose l = -3*l - 5*k + 81, 4*l + 2*k - 66 = 0. What is the highest common divisor of 112 and l?
14
Let o(b) = -b + 4. Let h be o(-6). Let w(c) = -79*c**3 + 2*c**2 + 2*c + 1. Let f be w(-1). What is the greatest common factor of f and h?
10
Let w be (-24)/2*(-5)/5. Let d(k) = k**3 - 7*k**2 + 6*k + 6. Let g be d(7). Calculate the greatest common divisor of g and w.
12
Let w(o) = 13*o**2 + 2*o + 1. Let g be w(-1). Calculate the greatest common factor of 30 and g.
6
Suppose t + 22 = 4*l, 6*l + 2*t = l + 34. What is the greatest common factor of l and 8?
2
Let m(a) = 119*a**2 - 3*a + 3. Let l be m(1). What is the highest common factor of 7 and l?
7
Let p(f) be the second derivative of -f**4/12 - f**3 + 7*f**2/2 + 2*f. Let a be p(-6). Let r = 24 - 10. Calculate the highest common factor of a and r.
7
Let v be -5*(1 + (-9)/15). Let j(a) = 2*a**2 + 3*a + 3. Let n be j(v). Calculate the greatest common factor of 45 and n.
5
Suppose 0 = x - 3*q - 21, 3*x - q = 23 + 16. Suppose -2*i + i + 4*p = -48, p - 48 = -i. Suppose -h - i = -5*h. What is the greatest common divisor of h and x?
12
Let i(f) = -6*f**2 - 3*f - 1. Let q be i(-2). Let c = q + 35. Let s = -136 - -248. Calculate the highest common factor of c and s.
16
Let g = 5 + 0. Suppose -2*r - 2*y + g = -117, 4*r = -5*y + 245. Suppose 0*s = s - 24. What is the highest common divisor of r and s?
12
Suppose -36 = -4*t + t. Let n be ((-9)/(-12))/((-2)/(-8)). What is the greatest common factor of t and n?
3
Let q = 62 - 44. What is the highest common factor of q and 2?
2
Let n(p) be the third derivative of -41*p**6/120 - p**3/6 - 3*p**2. Let o be n(-1). Calculate the greatest common divisor of o and 16.
8
Suppose 2*q + 76 = 3*q. Let x = 35 + -16. Calculate the greatest common factor of x and q.
19
Suppose -3*k - 131 = -3*l + 52, -3*k = 2*l - 137. Suppose p + p - l = 0. What is the highest common divisor of p and 8?
8
Suppose -20*l + 14*l + 30 = 0. Let v be (-99)/(-21) - 4/(-14). What is the highest common divisor of v and l?
5
Let g be 4*((-3)/6 - 2). Let l = g + 46. Calculate the greatest common factor of 12 and l.
12
Suppose -18 = -4*l - 6. Suppose -800 = -11*m + 6*m. Suppose v - m = -l*v. Calculate the greatest common divisor of v and 5.
5
Suppose -3*x - 399 = -4*u, 3*u - 299 = 3*x - x. Calculate the greatest common factor of 11 and u.
11
Let t(f) = 25*f**2 + 5*f. Let s be t(4). Let u(b) = 2*b + 20. Let v be u(-10). Suppose 8*i - 3*i - s = v. Calculate the greatest common divisor of i and 12.
12
Suppose 4*c = 5*c + a - 8, 5*c - 4 = 4*a. Let v be (-6)/c + 90/4. Calculate the highest common divisor of 14 and v.
7
Let n = 28 - -87. Let t = 1 + n. Calculate the greatest common factor of 29 and t.
29
Let b = 59 + -14. What is the highest common divisor of b and 15?
15
Let i = -31 - -51. What is the greatest common divisor of 140 and i?
20
Suppose 2*b - v - 2*v - 54 = 0, 0 = 4*b - 4*v - 108. Suppose 95 = 5*f - 850. Calculate the greatest common factor of f and b.
27
Let h = 1 - -4. Suppose h*s + 5*f = 155, 2*s - f - 75 = -22. Suppose -4*x + s = 4*k, 2*k + k - 29 = -x. Calculate the highest common factor of k and 1.
1
Let x = -5 - -8. Suppose 189 = x*i + 3*g, -i - 2*i + 183 = g. Calculate the highest common factor of 12 and i.
12
Suppose -473 = -3*d + 157. Calculate the highest common divisor of d and 30.
30
Suppose 6*o + 5*o - 33 = 0. Calculate the greatest common divisor of 5 and o.
1
Let y be (-3)/(-15) - (-16)/20. What is the greatest common divisor of y and 1?
1
Let f = 23 - 25. Let m be (f - -13) + 0 + -2. Calculate the greatest common factor of m and 45.
9
Let m(q) = -q**2 - 8*q - 11. Suppose -2*d = -3*b + 1 + 8, -5*d - b - 31 = 0. Let o be m(d). What is the highest common factor of 8 and o?
1
Suppose -1 + 16 = 3*i. Suppose 4*n = -i*f + 18, -n + 7 + 1 = 3*f. What is the greatest common factor of 8 and f?
2
Let h(t) = 9*t**2 - 2*t. Let c be h(-1). Let u be (-70)/(-6) - (-2)/(-3). Calculate the greatest common factor of c and u.
11
Let q be (-216)/(-21) + (-4)/14. Let j(b) = 1 + 6*b - 2*b - 1. Let t be j(q). What is the greatest common factor of 10 and t?
10
Suppose -3*v = -p - 2, -3*v + 3 + 1 = p. Let i be (-4)/(-10) + 3/5. What is the highest common factor of i and p?
1
Suppose 8*h + t - 82 = 3*h, -h = 2*t - 20. Let z be 1/4 + 156/h. What is the greatest common factor of z and 90?
10
Let q = 40 - 33. Let a = 14 - 10. Suppose -q*n + a*n = -84. Calculate the greatest common factor of n and 14.
14
Let l(a) = 54*a - 250. Let u be l(5). Let y(k) = -9*k + 1. Let c be y(-1). What is the highest common divisor of 